74
What is the greatest common divisor of 265134336 and 320?
64
What is the highest common factor of 27336 and 158304?
408
Calculate the highest common divisor of 18020931 and 10833.
471
What is the highest common factor of 1074384108 and 399?
399
Calculate the greatest common divisor of 5813359 and 64560.
269
What is the greatest common factor of 4733 and 1663592704?
4733
What is the greatest common divisor of 459679 and 2871?
319
What is the greatest common divisor of 144 and 1446207120?
144
Calculate the greatest common divisor of 65963596 and 3560.
356
Calculate the highest common divisor of 25922978 and 3082.
46
What is the greatest common factor of 55647 and 5588745?
687
What is the greatest common divisor of 18602612 and 28?
28
Calculate the greatest common factor of 94753096 and 16.
8
What is the greatest common factor of 5250676 and 4?
4
What is the greatest common divisor of 1249175 and 145?
145
Calculate the greatest common divisor of 29836805 and 10.
5
Calculate the greatest common factor of 2014 and 188167013.
1007
Calculate the greatest common divisor of 7653176 and 10432.
1304
What is the greatest common divisor of 1812 and 30904566?
906
Calculate the highest common factor of 95586 and 24319428.
534
What is the greatest common divisor of 23208 and 722586?
6
Calculate the greatest common divisor of 3576066 and 2159.
127
What is the greatest common divisor of 4279574 and 234?
26
What is the greatest common factor of 2330 and 3755494?
466
Calculate the highest common divisor of 345 and 180146465.
115
Calculate the highest common divisor of 497 and 76088712.
497
Calculate the highest common factor of 46 and 147394419.
23
What is the greatest common divisor of 220763 and 12026?
859
What is the greatest common divisor of 1476693 and 259299?
423
Calculate the greatest common divisor of 171680 and 232656.
592
What is the highest common factor of 8003 and 3841970?
53
Calculate the highest common factor of 12934 and 5336.
58
What is the greatest common divisor of 34723978 and 826?
118
Calculate the highest common factor of 160162 and 39274.
146
What is the greatest common divisor of 4 and 1832582?
2
Calculate the greatest common factor of 71550 and 47250675.
675
What is the highest common divisor of 11946222 and 46314?
558
What is the highest common divisor of 1749626772 and 12?
12
What is the highest common factor of 58793 and 28749?
259
Calculate the greatest common factor of 1864795 and 1264.
79
What is the highest common factor of 43902 and 704058?
1626
Calculate the greatest common factor of 97451 and 4477171.
223
What is the greatest common divisor of 1330 and 6638954?
14
What is the greatest common divisor of 232512 and 105703?
173
Calculate the highest common divisor of 2040 and 17133.
3
What is the greatest common factor of 331630 and 23606954?
5102
Calculate the greatest common divisor of 100 and 43821960.
20
What is the greatest common factor of 132 and 104021280?
132
What is the greatest common factor of 60 and 7807770?
30
Calculate the greatest common factor of 1206140 and 2600.
260
Calculate the highest common factor of 282280 and 110.
10
What is the greatest common factor of 8 and 7475924?
4
What is the greatest common factor of 132 and 9782564?
44
What is the highest common divisor of 5881545 and 57?
57
What is the greatest common factor of 36114 and 150033?
39
Calculate the highest common factor of 1650 and 42972270.
330
Calculate the highest common divisor of 30746 and 497.
1
Calculate the highest common factor of 597416 and 160626.
2818
Calculate the greatest common factor of 36657 and 123.
3
Calculate the greatest common factor of 149589 and 242037.
9
Calculate the greatest common factor of 42840552 and 40.
8
Calculate the highest common divisor of 58306404 and 978.
978
Calculate the greatest common divisor of 365335 and 54211.
2357
Calculate the greatest common factor of 110102991 and 18.
3
What is the greatest common divisor of 4031684 and 64?
4
What is the highest common divisor of 1480882 and 78?
26
Calculate the greatest common divisor of 5676 and 6193836.
132
What is the greatest common factor of 1495 and 1068511?
23
Calculate the greatest common divisor of 2661064 and 4007955.
5453
Calculate the highest common divisor of 550946 and 8690.
1738
Calculate the greatest common factor of 108930 and 54450.
30
What is the highest common divisor of 136 and 105066562?
34
What is the greatest common divisor of 1096743068 and 4?
4
Calculate the highest common divisor of 69696 and 4994154.
2178
Calculate the highest common divisor of 49455 and 52087105.
5495
Calculate the highest common factor of 85162919 and 18189.
2021
What is the highest common factor of 134 and 10534544?
134
What is the greatest common divisor of 3431 and 418801?
73
Calculate the highest common factor of 394878306 and 1104.
138
Calculate the greatest common factor of 15148262 and 11650.
466
Calculate the highest common factor of 22 and 13787279.
11
Calculate the greatest common divisor of 78735 and 81519.
87
Calculate the greatest common factor of 1591909 and 121.
11
Calculate the highest common factor of 5701094 and 28.
14
Calculate the greatest common divisor of 76 and 52703397.
19
Calculate the highest common divisor of 251493734 and 15534.
1726
Calculate the greatest common factor of 1839481722 and 39.
39
Calculate the highest common divisor of 69265279 and 3387.
1129
What is the greatest common factor of 9251 and 19220069?
319
What is the greatest common divisor of 7479836 and 1456?
364
What is the highest common divisor of 748 and 19895678?
374
What is the greatest common factor of 5819 and 1016468739?
5819
What is the highest common divisor of 58510424 and 168?
56
Calculate the highest common divisor of 176150 and 810.
10
What is the highest common factor of 307681 and 48191?
3707
Calculate the highest common factor of 3429312 and 1749.
159
What is the highest common divisor of 1920 and 29251968?
384
What is the highest common divisor of 39560014 and 730?
146
What is the greatest common factor of 2407610600 and 40?
40
What is the highest common divisor of 236539524 and 104?
52
Calculate the greatest common factor of 1054430 and 1040.
130
Calculate the greatest common divisor of 1363 and 592247.
47
What is the greatest common factor of 203781892 and 22130?
4426
What is the highest common factor of 48 and 106393128?
24
Calculate the greatest common divisor of 50540 and 71421.
133
Calculate the highest common factor of 5402 and 744662.
74
What is the greatest common factor of 265 and 25052994?
53
What is the highest common factor of 39975 and 38147343?
1599
What is the greatest common factor of 347326614 and 6128?
766
What is the highest common divisor of 5124 and 14953890?
42
What is the highest common factor of 20184 and 815828?
116
Calculate the greatest common divisor of 376230 and 840.
30
Calculate the greatest common divisor of 2560409 and 197.
197
What is the greatest common divisor of 13563358 and 4?
2
What is the greatest common factor of 39450 and 129570?
30
Calculate the highest common divisor of 620 and 15970580.
620
Calculate the highest common factor of 380932160 and 1384.
1384
What is the greatest common factor of 35 and 25930?
5
What is the greatest common factor of 27586883 and 148290?
4943
Calculate the greatest common factor of 104360081 and 427.
427
Calculate the highest common divisor of 926192 and 1559632.
1712
Calculate the greatest common divisor of 671989 and 19915.
569
Calculate the greatest common factor of 35501580 and 495.
45
Calculate the greatest common factor of 97573 and 254135.
371
Calculate the greatest common divisor of 24907896 and 48.
24
What is the highest common factor of 95 and 141445595?
95
Calculate the greatest common divisor of 6687633 and 48.
3
What is the greatest common divisor of 22519 and 287892547?
3217
Calculate the greatest common divisor of 41559 and 28566865.
1979
Calculate the highest common factor of 300 and 181528700.
100
What is the greatest common factor of 143165806 and 119?
119
Calculate the highest common factor of 4117888 and 44311.
607
Calculate the greatest common factor of 51411283 and 4389.
1463
Calculate the highest common factor of 1527723 and 137907.
1791
What is the highest 